ate -15 + -17 + 16 + (13 - 7).
-10
What is the value of -20 - -21 - (-1 + 1) - -11?
12
What is the value of 0 - (-5 - 8) - 15?
-2
35 - 39 - -6 - (-1 + 3)
0
Evaluate 1 + (-11 - -24) - (-3 + 2).
15
Calculate 15 - (23 + (-3 - 18)).
13
What is (9 - ((2 - 12) + 5)) + -26?
-12
-106 + 125 - (5 + 1)
13
What is the value of 26 - 31 - (7 + -21 + -1 + -2)?
12
What is (7 - -10) + (-14 - 12)?
-9
0 + 32 - (-806 + 811)
27
1 + (-16 - (3 + -8 - -8))
-18
Calculate 382 - 387 - ((8 - (-2 - -1)) + 1).
-15
(-4 - -7) + 0 + (5 - 16)
-8
What is the value of 0 + (30 - 0) + -15?
15
What is (-8 - (-2 - 2)) + -9 - -9?
-4
Evaluate -3 + (-6 + 10 + -5 - 16).
-20
Calculate 13 - (21 + -7) - -12.
11
What is (8 + (2 - 8) + -4 - -8) + -6?
0
Evaluate -30 - (-10 + 14 + -24).
-10
Evaluate -12 + (22 - ((-10 - 3) + 23)).
0
Evaluate 14 - (-5 + (-5 - -33)).
-9
What is the value of (133 - 139) + 2 + 4 + 0 + -1?
-1
Calculate 1398 + -1424 + (2 - 9).
-33
-7 + 7 - 2 - (-7 - 3)
8
Calculate -5 + -4 + 1 - (14 - 7).
-15
Calculate -2 - -4 - ((2 - 10) + 10).
0
Calculate (99 - (41 + -11)) + -41.
28
-16 + -10 + 1 + 6 + 3 + 0
-16
Calculate (14 + -2 - 1) + -8.
3
What is -1 + 9 + 1 - (0 - -7 - 6)?
8
What is the value of 16 + -10 - -12 - 10?
8
Evaluate 0 - -14 - 30 - -1.
-15
What is the value of 8 - (4 - (-2 - (5 - 5)))?
2
Calculate (1 - 2 - 2) + 14 + (-5 - -2).
8
What is (-3 - (3 - -7)) + (2 - 4)?
-15
What is -17 + (-7 - ((-12 - -3) + -4 + 1))?
-12
What is the value of -10 + (34 - 22) + -1?
1
Calculate -6 + (-27 - -32 - (3 + 1)) - -12.
7
What is the value of -22 + (-13 + 2 + 19 - (3 + -5))?
-12
What is the value of 23 - (4 + -9) - (9 - (-7 + 6))?
18
49 + -42 + -15 + 4
-4
Evaluate (9 - 7) + 1 + -9.
-6
12 + 15 + -6 + -21
0
Calculate (1 - -3 - 2) + 2 + (0 - 16).
-12
Calculate -2 - (6 + 18 + -15) - -49.
38
What is the value of -8 + (17 - -1) - (10 - (8 - 1))?
7
-25 + (-24 + 23 - -29)
3
(11 + 4 - 13) + -1 + 15
16
Evaluate 34 + -9 + -10 + 1.
16
-3 - (2 - 1 - (132 + -140))
-12
Evaluate (43 - (2 - -63)) + 21.
-1
10 + (-5 - -1) + 53 + -50
9
Calculate ((-3 - (1 - 0)) + 4 - -3) + -13.
-10
7 + 8 - (5 + (5 - 2 - 11))
18
11 + (-5 - (-7 + 3 + 4 + -3))
9
Calculate -8 + -3 - ((6 - 6) + -1 + 0).
-10
What is -2 - ((-13 + 35 - 17) + 2 + -12)?
3
What is 40 + -81 + -4 + 18?
-27
Calculate -33 + 1 + (643 - 584).
27
What is 8 + (12 - 37) - (3 - 3 - 2)?
-15
What is (5 - (19 - 11)) + 0?
-3
What is 9 - (50 + (-10 - 17))?
-14
(-4 - 10) + 8 + 19 + -2 + -10
1
1 + (14 + -10 - 0) + (2 - 16)
-9
21 + -14 - -27 - 38
-4
Calculate (5 + 9 - -3) + (-6 - 4).
7
1 + (-28 - -21 - (-8 - -1)) + -4
-3
(20 + -12 - (13 - -3)) + -1 + 0
-9
Calculate -13 - (1 - 1 - (-2 - -8)).
-7
What is -23 + 46 - -8 - 14?
17
Calculate (54 - 47) + (0 - (2 + -1)).
6
Calculate -18 - (-15 - -8) - -28.
17
What is -7 + 14 + -20 + 0 + -7?
-20
What is the value of -10 + 7 + -24 - -11?
-16
What is the value of (140 - 145) + 1 + -6?
-10
Evaluate 1 - (3 + -2) - (-211 + 188).
23
-4 + (1 - -2) + -2 - (-2 + -3)
2
Calculate -3 - (-5 + (-8 - -23) + 6).
-19
Evaluate -29 - ((17 - -2) + -33).
-15
(-1 - 14) + -9 + 22 + -8 + -5
-15
What is -283 - -303 - (2 - -18)?
0
Evaluate 13 - ((16 - 13) + 10).
0
What is 8 - 3 - (6 + (1 - 9))?
7
12 - ((27 - 43) + 13)
15
What is -6 + (-2 + (-1 - -6) - (2 + -8))?
3
Evaluate -7 + 6 + 1 + -9 + 7.
-2
Calculate 7 + 0 + 2 + -1 - 0 - 0.
8
What is the value of (17 - -4) + -4 - (99 + -107)?
25
What is the value of -18 + 42 - (11 + -3 + -2)?
18
(-4 - 17) + (19 - 10 - -3)
-9
What is the value of -6 + (7 - -4 - (-12 - -12))?
5
Calculate 25 + -74 - -30 - -22.
3
Calculate 12 + (22 - 20) - (-4 - 2).
20
Evaluate 7 - (0 - -2) - (4 + 2).
-1
What is 12 + -19 - (-13 + 9)?
-3
What is the value of -10 - (-2 - (-11 + -5 + (-2 - -12)))?
-14
What is -10 + -3 + (-67 - -73)?
-7
-16 + (-4 - -23) + -34
-31
What is the value of 20 + (-1 - 21) - (-10 + 2)?
6
-4 - (-12 + (-7 - -27))
-12
Evaluate 42 + -24 + -17 + -3 + -1 + 0.
-3
-11 + 6 + -14 + 5 + -4
-18
Evaluate (-1 + 7 - 0) + 8.
14
(-11 - 7 - -30) + -18
-6
What is the value of 17 + (-2 - 4 - (12 - 23) - 2)?
20
Calculate -12 - (2 + (-37 - -11 - -10) + 9).
-7
809 + -790 + (-26 - -2)
-5
What is -21 + (0 + 1 - (21 - (18 + 2)))?
-21
What is the value of (-7 - -1) + 2 + -2 + -3?
-9
What is 1 - ((-6 - (-8 - (-1 + -5))) + 5)?
0
-122 + 162 + -40 + -3
-3
What is the value of (-1 - 15) + -1 + (-81 - (-68 - 5))?
-25
(2 - 1) + (-20 - -17) + -10
-12
Evaluate 23 + 0 + 343 + -363.
3
Evaluate -2 + -1 + -7 + 10 + -7 + -9.
-16
Calculate -59 + 1 - -56 - (16 + 1).
-19
(14 - 12 - 0) + -2 + 6
6
What is the value of 38 + (-38 - -13) - -8?
21
Calculate 5 + (-11 - (15 + -7)).
-14
What is 1 + 0 + (-473 - -454)?
-18
Evaluate (-16 + 8 - -43) + (-1 - -8 - 3).
39
Calculate 30 + 19 + -28 - 50.
-29
What is 1 - ((-8 - -22) + (-23 - 12))?
22
Evaluate -102 - -89 - (5 + -28).
10
What is the value of (-4 - -1) + (-62 + 10 - -25)?
-30
Evaluate 1 - 2 - (11 + -4 + -5).
-3
What is -1 - (4 - 14 - -2) - (-11 - 1)?
19
Calculate 1 - (7 + (-4 - -3 - (-11 - -8))).
-8
What is -320 + 294 + -1 + 0?
-27
Calculate (3 - -5) + (-2 - 1) + -20.
-15
Calculate -6 - (4 + -4 + -6) - 3.
-3
Calculate 3 - ((3 - (-2 - 1 - -4)) + -3).
4
Calculate (7 - -3) + (9 - 7) - (2 - 3).
13
-7 + 3 + -1 + (-6 - 9) + 45
25
Calculate (-3 - (-2 + 0)) + 50 + -69 + 38.
18
What is the value of -15 + (1 - -28) + 6 - (1 + 5)?
14
5 - 0 - (-1 - 11 - -8) - -4
13
Calculate -2 - (-8 - -2) - (6 + -5 + -7).
10
10 - 6 - (5 + -15 + 3)
11
What is 5 - (-5 - (-4 + 2 + 4))?
12
Evaluate 46 + 15 + 30 + -67.
24
What is -9 + -13 + 24 - (1 + -1) - -4?
6
Calculate 8 + -14 + (-7 + 11 - (1 + -2)).
-1
What is -41 + -5 + 48 - (0 + 4)?
-2
(-7 - 1) + (-20 - (-24 + 13))
-17
Calculate -235 + 251 - (-5 - -24) - (2 + -1).
-4
Calculate 2 + (4 - ((-7 - -4) + 12 - 0)).
-3
What is -16 + -19 + -8 + 20?
-23
(-10 - 3) + 9 + -4
-8
Calculate (-11 - (-2 - 8) - 7) + -11 + 33.
14
What is the value of 6 + (7 + -9 + 1 - 8)?
-3
Evaluate -1 + -1 + -1 - (0 + -3 + -11).
11
Calculate -6 + 7 - (3 - 4 - (-26 - -14)).
-10
What is 4 - 1 - 0 - (-31 + 18 - -30)?
-14
What is 3 + -3 - (-14 + -1 - -4)?
11
Calculate 3 + (2 - 1) + 16 + -14.
6
Evaluate -3 - 2 - (-10 + (2 - -6)).
-3
What is the value of -7 + 2 + 6 + 9 - (34 + -6)?
-18
What is the value of -4 + (7 + -7 + 6 - 2)?
0
(-7 - (-9 + 3 + 6 + -1)) + -2
-8
Calculate (-34 - 8) + -2 + 1 + (-26 - -37).
-32
Evaluate 23 - (-2 - (-31 - -17)).
11
Evaluate (6 - (-1 - -1)) + (-14 - (41 + -45)).
-4
51 + -24 + (-31 - -2)
-2
Calculate (30 - 53) + 82 - 32.
27
-7 + (7 - 4) + (0 - 5)
-9
Calculate 20 + -1 + -1 - (14 - (-3 + 16)).
17
What is 3 + 5 - (3 + -6 + (-1 - -1))?
11
What is 30 - (-24 + 33) - 14 - (0 - -25)?
-18
Evaluate -37 - -57 - (7 + 6).
7
Calculate 31 - (-25 + 17 + 0 - -15).
24
Evaluate -4 + 2 - 3 - (-16 - -8).
3
Calculate 1 + (-4 - -12) - 4 - -10.
15
What is (19 - 14) + 5 - 15?
-5
Evaluate (1 - -2) + 6 + -3 + 0.
6
Evaluate -9 + (-27 + 9 - -7 - -15) + -10.
-15
Calculate 9 - 21 - (10 - (16 + -2)).
-8
What is -1 + (25 + -15 - (4 + -6))?
11
What is the value of -9 + -1 - (-19 - -19)?
-10
137 + -157 + (7 - (0 + 0))
-13
What is 9 - (30 + (-14 - -6))?
-13
What is the value of 4 - (3 + 0 - -3 - 8 - -5)?
1
Evaluate -6 - ((-11 - -3) + 16).
-14
What is (3 - 2) + (9 - (-4 - -19))?
-5
Calculate -5 + 4 + -140 + 118.
-23
Calculate 2 + (-8 - -15) - 10.
-1
What is 10 + (-4 - -11 - 9) - 1?
7
52 - 21 - 20 - -14
25
Calculate 2 - 14 - (-103 - -95).
-4
Calculate -8 + -27 + (-76 - -95).
-16
Evaluate 22 - (-40 + 29 + 14).
19
What is the value of -34 - -36 - (2 + -7)?
7
Evaluate (-22 - (4 - 24)) + (5 - 2).
1
What is (-31 - (8 + -25)) + 24?
10
(-10 - 0) + 96 + -97 + (1 - -15)
5
What is -20 - (21 + -6 + -9 + -10)?
-16
Evaluate -1 + 14 + (3 - 11) - (0 + 4).
1
Calculate -10 + (-6 - (6 - 10) - -9).
-3
(1 + -1 - (11 - 7)) + -9
-13
-6 - (10 + -15) - (4 + 1 + -4)
-2
Calculate 0 + 1 - (-5 - 2 - (56 + -75)).
-11
Calculate 12 - -16 - (-72 + 101).
-1
What is the value of -3 + 36 + (4 - 19)?
18
0 - (-3 + -13 + 29 + 11)
-24
Calculate 40 + (11 + -8 + -5 - -14 - 22).
30
What is 10 - 20 - -20 - (2 - 5)?
13
What is the value of -37 + (9 - -2) - -24?
-2
What is the value of -15 + (11 - ((5 - 6) + 5)) + -8?
-16
What is the value of -3 + 10 + -5 + 7 - -3?
12
What is the value of 5 + -18 + 18 - (-1 - -1)?
5
What is the value of 5 + (-5 + 3 - -2 - -5) + -6?
4
What is 